{"id":67,"date":"2022-06-08T09:38:29","date_gmt":"2022-06-08T09:38:29","guid":{"rendered":"https:\/\/decel.univ-tours.fr\/wordpress\/?page_id=67"},"modified":"2025-07-23T11:50:25","modified_gmt":"2025-07-23T11:50:25","slug":"publications","status":"publish","type":"page","link":"https:\/\/decel.univ-tours.fr\/decel\/index.php\/publications\/","title":{"rendered":"DECEL communications and publications"},"content":{"rendered":"\n<p><br>Publications in conferences and journals:<\/p>\n\n\n\n<ul><li><a rel=\"noreferrer noopener\" href=\"https:\/\/doi.org\/10.35542\/osf.io\/ch5ea\" target=\"_blank\">[preprint] Zambelli, C., Favalli, M., Olivo, P., Bravo, I., Gardel, A., Alves, J. C., \u2026 Busseuil, R. (2024, May 25). Integrating Internationalization and Online Collaborative Strategies in Digital Electronics Education: Exploring IaH, COIL, PBL, and RRL Approaches for Enhanced Learning. https:\/\/doi.org\/10.35542\/osf.io\/ch5ea<\/a><\/li><li>National Spanish Conference SARTECO 2023.&nbsp;\u201cDesarrollo de una plataforma remota para pr\u00e1cticas de sistemas electr\u00f3nicos digitales\u201d. Ciudad Real, Spain, September 20-22, 2023<\/li><li>[preprint] <a rel=\"noreferrer noopener\" href=\"http:\/\/Lemaire, E.; Busseuil, R.; Chemla, J.-P.; Certon, D.; Zambelli, C.; Cruz de la Torre, C.; Gardel Vicente, A.; Bravo, I.; Mendon\u00e7a, H.; Alves, J. C. Collaborative learning using open-source FPGA-based under water ultrasonic system. Preprints 2024, 2024060972. https:\/\/doi.org\/10.20944\/preprints202406.0972.v1\" target=\"_blank\">L<\/a><a href=\"https:\/\/doi.org\/10.20944\/preprints202406.0972.v1\">emaire, E., Busseuil, R., Chemla, J. P., Certon, D., Zambelli, C., Cruz de la Torre, C., Gardel Vicente, A., Bravo, I., Mendon\u00e7a, H., &amp; Alves, J. C. (2024). Collaborative learning using open-source FPGA-based under water ultrasonic system. Preprints.<\/a><a rel=\"noreferrer noopener\" href=\"http:\/\/Lemaire, E.; Busseuil, R.; Chemla, J.-P.; Certon, D.; Zambelli, C.; Cruz de la Torre, C.; Gardel Vicente, A.; Bravo, I.; Mendon\u00e7a, H.; Alves, J. C. Collaborative learning using open-source FPGA-based under water ultrasonic system. Preprints 2024, 2024060972. https:\/\/doi.org\/10.20944\/preprints202406.0972.v1\" target=\"_blank\"> <\/a>, <a rel=\"noreferrer noopener\" href=\"https:\/\/doi.org\/10.20944\/preprints202406.0972.v1\" target=\"_blank\">https:\/\/doi.org\/10.20944\/preprints202406.0972.v1<\/a>, UNDER PEER REVIEW.<\/li><li>Carlos Cruz et al., &#8220;Remote Laboratory Based on a Reconfigurable Hardware Platform,&#8221; 2024 XVI TAEE, Malaga, Spain, 2024, pp. 1-6, doi: <a rel=\"noreferrer noopener\" href=\"https:\/\/ieeexplore.ieee.org\/document\/10604937\" target=\"_blank\">10.1109\/TAEE59541.2024.10604937<\/a><\/li><li>[<a rel=\"noreferrer noopener\" href=\"https:\/\/www.eaie.org\/events\/toulouse\/programme\/posters.html\" target=\"_blank\">poster<\/a>] Ignacio Bravo et al., &#8220;Elevating engineering studies: A blueprint for global mobility and impactful internationalisation (313)&#8221;, EAIE 2024, Toulouse, France<\/li><li>Cruz, C., Gil, R., de la Llana, A., Bravo, I., Gardel, A., &amp; L\u00e1zaro, J. L. (2024, June). Remote Laboratory Based on a Reconfigurable Hardware Platform. In&nbsp;<em>2024 XVI Congreso de Tecnolog\u00eda, Aprendizaje y Ense\u00f1anza de la Electr\u00f3nica (TAEE)<\/em>&nbsp;(pp. 1-6). IEEE. DOI:<strong>&nbsp;<\/strong><a rel=\"noreferrer noopener\" href=\"https:\/\/doi.org\/10.1109\/TAEE59541.2024.10604937\" target=\"_blank\">10.1109\/TAEE59541.2024.10604937<\/a><\/li><li>Mendon\u00e7a, H. S., Zambelli, C., &amp; Alves, J. C. (2024, November). A MQTT-based infrastructure to support Cooperative Online Learning Activities. In 2024 39th Conference on Design of Circuits and Integrated Systems (DCIS) (pp. 1-6). IEEE. DOI:<strong>&nbsp;<\/strong><a rel=\"noreferrer noopener\" href=\"https:\/\/doi.org\/10.1109\/DCIS62603.2024.10769183\" target=\"_blank\">10.1109\/DCIS62603.2024.10769183<\/a><\/li><\/ul>\n\n\n\n<p>DECEL Handbook:<\/p>\n\n\n\n<ul><li><a href=\"https:\/\/decel.univ-tours.fr\/data\/report\/DECEL_HandBook_v2.1.pdf\">DECEL Handbook for modernisation of high experimentally regular courses &#8211; DECEL Project &#8211; July 2025 <\/a>(<a href=\"https:\/\/decel.univ-tours.fr\/data\/report\/DECEL_HandBook_v2.1.pdf\">Old version <\/a><a rel=\"noreferrer noopener\" href=\"https:\/\/decel.univ-tours.fr\/decel\/wp-content\/uploads\/2025\/06\/DECEL_HandBook_v2.pdf\" data-type=\"attachment\" data-id=\"405\" target=\"_blank\">&#8211;<\/a><a rel=\"noreferrer noopener\" href=\"https:\/\/decel.univ-tours.fr\/decel\/wp-content\/uploads\/2025\/06\/DECEL_HandBook_v2.pdf\" data-type=\"attachment\" data-id=\"405\" target=\"_blank\"> June 2025) <\/a><\/li><\/ul>\n\n\n\n<p>External web communication:<\/p>\n\n\n\n<ul><li>DECEL Project for #Erasmus+ Students, With A Helping Hand From Red Pitaya, <a href=\"https:\/\/content.redpitaya.com\/blog\/decel-project\" target=\"_blank\" rel=\"noreferrer noopener\">Red Pitaya Blog<\/a><\/li><\/ul>\n\n\n\n<p>Project documents, reports and presentations:<\/p>\n\n\n\n<ol><li>DECEL Project proposal (<a href=\"https:\/\/decel.univ-tours.fr\/decel\/wp-content\/uploads\/2022\/06\/KA220-HED-13653E18_RD.pdf\" data-type=\"attachment\">abstract<\/a>)  \/ <a rel=\"noreferrer noopener\" href=\"https:\/\/erasmus-plus.ec.europa.eu\/projects\/search\/details\/2021-1-ES01-KA220-HED-000032189\" target=\"_blank\">Erasmus+ Project results card <\/a><\/li><li><a href=\"https:\/\/decel.univ-tours.fr\/decel\/wp-content\/uploads\/2025\/07\/DECEL_O1_deliverable_final.pdf\" target=\"_blank\" rel=\"noreferrer noopener\">[O1 report &#8211; PREPRINT &#8211; under review] &#8220;Benchmarking good practices for internationalization of studies in (reconfigurable) digital electronics teaching&#8221;, Universities of Alcal\u00e1, Ferrara, Porto, and Tours, DECEL O1 deliverable, 01\/11\/2022, updated 21\/07\/2025.<\/a><\/li><li>C1 Training presentations at UPorto (23-25, Nov, 2022)<ul><li><a href=\"https:\/\/decel.univ-tours.fr\/decel\/wp-content\/uploads\/2023\/06\/Current-teaching-approaches-to-digital-electronics-in-Alcala.pdf\">Current teaching approaches to digital electronics in U. Alcala<\/a><\/li><li><a href=\"https:\/\/decel.univ-tours.fr\/decel\/wp-content\/uploads\/2023\/06\/Current-teaching-approaches-to-digital-electronics-in-Polytech_Tours.pdf\">Current teaching approaches to digital electronics in Polytech Tours<\/a><\/li><li><a href=\"https:\/\/decel.univ-tours.fr\/decel\/wp-content\/uploads\/2023\/06\/Current-teaching-approaches-to-digital-electronics-in-UPorto.pdf\">Current teaching approaches to digital electronics in U. Porto<\/a><\/li><li><a rel=\"noreferrer noopener\" href=\"https:\/\/decel.univ-tours.fr\/decel\/wp-content\/uploads\/2023\/06\/Current-teaching-approaches-to-digital-electronics-in-UniFE.pdf\" target=\"_blank\">Current teaching approaches to digital electronics in U. Ferrara <\/a><\/li><li><a href=\"https:\/\/decel.univ-tours.fr\/decel\/wp-content\/uploads\/2023\/06\/C1_GustavoAlves_Presentation_at_DECEL_project_meeting_Porto_Portugal_26jan2023_reduced1.pdf\">Remote laboratories for digital electronics: an overview &#8211; Gustavo R Alves (part 1)<\/a>  <a rel=\"noreferrer noopener\" href=\"https:\/\/decel.univ-tours.fr\/decel\/wp-content\/uploads\/2023\/06\/C1_GustavoAlves_Presentation_at_DECEL_project_meeting_Porto_Portugal_26jan2023_reduced2.pdf\" target=\"_blank\">(part 2)<\/a>  <a rel=\"noreferrer noopener\" href=\"https:\/\/decel.univ-tours.fr\/decel\/wp-content\/uploads\/2023\/06\/C1_GustavoAlves_Presentation_at_DECEL_project_meeting_Porto_Portugal_26jan2023_reduced3.pdf\" target=\"_blank\">(part 3)<\/a><\/li><li><a rel=\"noreferrer noopener\" href=\"https:\/\/decel.univ-tours.fr\/decel\/wp-content\/uploads\/2023\/06\/C1_NaterciaLima_Apresentacao_FEUP_2023.pdf\" target=\"_blank\">Fostering Experimental Competences Using Complementary Resources &#8211; Natercia Lima<\/a><\/li><li><a rel=\"noreferrer noopener\" href=\"https:\/\/decel.univ-tours.fr\/decel\/wp-content\/uploads\/2023\/06\/C1_JoseFerreira_DECEL_talk_20230126_reduced.pdf\" target=\"_blank\">The shifting paradigm of teaching and learning &#8211; Jose Ferrerira<\/a><\/li><\/ul><\/li><li>C2 Training presentations and documents at UTours (3-7, July, 2023)<ul><li><a rel=\"noreferrer noopener\" href=\"https:\/\/decel.univ-tours.fr\/decel\/wp-content\/uploads\/2024\/09\/280623_DECEL_festival_C2_remote_course_before_C2_web.pdf\" target=\"_blank\">Online presentation course before C2 in U. Tours<\/a>.<\/li><li><a rel=\"noreferrer noopener\" href=\"http:\/\/decel.univ-tours.fr\/data\/presentations\/stm32cubeai_press_pres.pdf\" target=\"_blank\">Seminar given by Emmanuel Grandin (ST Microelectronics) on AI &amp; STM32 &#8211; (document available to the public only)<\/a><\/li><li><a rel=\"noreferrer noopener\" href=\"http:\/\/decel.univ-tours.fr\/data\/presentations\/04072023_DECEL.pdf\" target=\"_blank\">Seminar given by Caroline Richard on EIT and collaborations<\/a><\/li><li><a href=\"http:\/\/decel.univ-tours.fr\/data\/presentations\/BrochureDkpocV17.pdf\">Seminar given by Maxime Benchemoul (Vermon) on hardware for doppler ultrasound imaging &#8211; (document available to the public only)<\/a><\/li><li><a rel=\"noreferrer noopener\" href=\"https:\/\/celene.univ-tours.fr\/course\/view.php?id=16438\" target=\"_blank\">Training material (available on our moodle platform)<\/a><\/li><li>Students&#8217; posters (delivered at the end of the program): <ul><li><a rel=\"noreferrer noopener\" href=\"http:\/\/decel.univ-tours.fr\/data\/posters\/Amboise.pdf\" target=\"_blank\">Poster Team Amboise<\/a> <\/li><li><a rel=\"noreferrer noopener\" href=\"http:\/\/decel.univ-tours.fr\/data\/posters\/Blois.pdf\" target=\"_blank\">Poster Team Blois<\/a> <\/li><li><a rel=\"noreferrer noopener\" href=\"http:\/\/decel.univ-tours.fr\/data\/posters\/Chenonceau.pdf\" target=\"_blank\">Poster Team Chenonceau<\/a> <\/li><li><a rel=\"noreferrer noopener\" href=\"http:\/\/decel.univ-tours.fr\/data\/posters\/Clos_Luce.pdf\" target=\"_blank\">Poster Team Clos Luc\u00e9<\/a> \u00a0<\/li><li><a href=\"http:\/\/decel.univ-tours.fr\/data\/posters\/Villandry.pdf\">Poster Team Villandry<\/a> <\/li><\/ul><\/li><\/ul><\/li><\/ol>\n","protected":false},"excerpt":{"rendered":"<p>Publications in conferences and journals: [preprint] Zambelli, C., Favalli, M., Olivo, P., Bravo, I., Gardel, A., Alves, J. C., \u2026 Busseuil, R. (2024, May 25). Integrating Internationalization and Online Collaborative Strategies in Digital Electronics Education: Exploring IaH, COIL, PBL, and RRL Approaches for Enhanced Learning. https:\/\/doi.org\/10.35542\/osf.io\/ch5ea National Spanish Conference SARTECO 2023.&nbsp;\u201cDesarrollo de una plataforma remota [&hellip;]<\/p>\n","protected":false},"author":1,"featured_media":0,"parent":0,"menu_order":0,"comment_status":"closed","ping_status":"closed","template":"","meta":[],"_links":{"self":[{"href":"https:\/\/decel.univ-tours.fr\/decel\/index.php\/wp-json\/wp\/v2\/pages\/67"}],"collection":[{"href":"https:\/\/decel.univ-tours.fr\/decel\/index.php\/wp-json\/wp\/v2\/pages"}],"about":[{"href":"https:\/\/decel.univ-tours.fr\/decel\/index.php\/wp-json\/wp\/v2\/types\/page"}],"author":[{"embeddable":true,"href":"https:\/\/decel.univ-tours.fr\/decel\/index.php\/wp-json\/wp\/v2\/users\/1"}],"replies":[{"embeddable":true,"href":"https:\/\/decel.univ-tours.fr\/decel\/index.php\/wp-json\/wp\/v2\/comments?post=67"}],"version-history":[{"count":34,"href":"https:\/\/decel.univ-tours.fr\/decel\/index.php\/wp-json\/wp\/v2\/pages\/67\/revisions"}],"predecessor-version":[{"id":429,"href":"https:\/\/decel.univ-tours.fr\/decel\/index.php\/wp-json\/wp\/v2\/pages\/67\/revisions\/429"}],"wp:attachment":[{"href":"https:\/\/decel.univ-tours.fr\/decel\/index.php\/wp-json\/wp\/v2\/media?parent=67"}],"curies":[{"name":"wp","href":"https:\/\/api.w.org\/{rel}","templated":true}]}}